{"id":391,"date":"2025-12-05T00:31:51","date_gmt":"2025-12-05T00:31:51","guid":{"rendered":"https:\/\/www.bascules.social\/?page_id=391"},"modified":"2025-12-05T00:31:51","modified_gmt":"2025-12-05T00:31:51","slug":"decolonisations-emancipations","status":"publish","type":"page","link":"https:\/\/www.bascules.social\/?page_id=391","title":{"rendered":"D\u00e9colonisations &#038; \u00c9mancipations"},"content":{"rendered":"<p data-start=\"192\" data-end=\"646\">Cette rubrique se consacre aux luttes qui se jouent l\u00e0 o\u00f9 des peuples sont ni\u00e9s, d\u00e9poss\u00e9d\u00e9s, assi\u00e9g\u00e9s \u2014 qu\u2019il s\u2019agisse d\u2019occupations militaires, de r\u00e9gimes autoritaires, de projets extractivistes ou de formes plus diffuses de domination n\u00e9ocoloniale. Si les \u00ab bascules \u00bb doivent \u00eatre pens\u00e9es comme la capacit\u00e9 collective d\u2019inventer d\u2019autres mondes, elles se heurtent d\u2019abord \u00e0 celles et ceux qui refusent que les peuples existent comme sujets politiques.<\/p>\n<p data-start=\"648\" data-end=\"1176\">Ici, nous relayons et analysons les exp\u00e9riences o\u00f9 la question de l\u2019\u00e9mancipation se pose dans sa nudit\u00e9 la plus rude : faire tenir la vie malgr\u00e9 l\u2019apartheid, r\u00e9sister \u00e0 l\u2019effacement culturel, affirmer la souverainet\u00e9 quand l\u2019occupation pr\u00e9tend d\u00e9cider du r\u00e9el. De la Palestine au Sahara occidental, du Kurdistan \u00e0 l\u2019Amazonie, des Kanaks aux peuples riverains de projets extractivistes, nous regardons comment s\u2019inventent des alternatives qui ne s\u00e9parent pas lib\u00e9ration sociale, autonomie politique et d\u00e9fense des milieux de vie.<\/p>\n<p data-start=\"1178\" data-end=\"1535\">Ces luttes ne rel\u00e8vent pas d\u2019une simple \u00ab solidarit\u00e9 internationale \u00bb symbolique. Elles disent quelque chose de ce que signifie devenir peuple \u2014 non comme identit\u00e9 ferm\u00e9e mais comme puissance instituante. Elles montrent que la d\u00e9mocratie ne se mesure pas \u00e0 la stabilit\u00e9 des \u00c9tats-nations mais \u00e0 la possibilit\u00e9, pour les habitants, de se gouverner eux-m\u00eames.<\/p>\n<p data-start=\"1537\" data-end=\"1994\" data-is-last-node=\"\" data-is-only-node=\"\">Cette rubrique est un lieu pour suivre ces combats et leurs imaginaires, \u00e9couter les voix qui se dressent contre l\u2019effacement, et tenter de comprendre comment, dans des conditions extr\u00eames, s\u2019esquissent des formes politiques qui \u00e9clairent nos propres bascules. Parce que les d\u00e9colonisations ne sont pas un legs du pass\u00e9 mais un horizon inachev\u00e9 ; et parce que les \u00e9mancipations ne s\u2019importent pas, elles se tissent entre peuples qui refusent la r\u00e9signation.<\/p>\n","protected":false},"excerpt":{"rendered":"<p>Cette rubrique se consacre aux luttes qui se jouent l\u00e0 o\u00f9 des peuples sont ni\u00e9s,<\/p>\n","protected":false},"author":1,"featured_media":0,"parent":0,"menu_order":3,"comment_status":"closed","ping_status":"closed","template":"","meta":{"footnotes":""},"class_list":["post-391","page","type-page","status-publish","hentry"],"_links":{"self":[{"href":"https:\/\/www.bascules.social\/index.php?rest_route=\/wp\/v2\/pages\/391","targetHints":{"allow":["GET"]}}],"collection":[{"href":"https:\/\/www.bascules.social\/index.php?rest_route=\/wp\/v2\/pages"}],"about":[{"href":"https:\/\/www.bascules.social\/index.php?rest_route=\/wp\/v2\/types\/page"}],"author":[{"embeddable":true,"href":"https:\/\/www.bascules.social\/index.php?rest_route=\/wp\/v2\/users\/1"}],"replies":[{"embeddable":true,"href":"https:\/\/www.bascules.social\/index.php?rest_route=%2Fwp%2Fv2%2Fcomments&post=391"}],"version-history":[{"count":1,"href":"https:\/\/www.bascules.social\/index.php?rest_route=\/wp\/v2\/pages\/391\/revisions"}],"predecessor-version":[{"id":392,"href":"https:\/\/www.bascules.social\/index.php?rest_route=\/wp\/v2\/pages\/391\/revisions\/392"}],"wp:attachment":[{"href":"https:\/\/www.bascules.social\/index.php?rest_route=%2Fwp%2Fv2%2Fmedia&parent=391"}],"curies":[{"name":"wp","href":"https:\/\/api.w.org\/{rel}","templated":true}]}}

Décolonisations &#038; Émancipations

<p data-start="192" data-end="646">Cette rubrique se consacre aux luttes qui se jouent là où des peuples sont niés, dépossédés, assiégés — qu’il s’agisse d’occupations militaires, de régimes autoritaires, de projets extractivistes ou de formes plus diffuses de domination néocoloniale. Si les « bascules » doivent être pensées comme la capacité collective d’inventer d’autres mondes, elles se heurtent d’abord à celles et ceux qui refusent que les peuples existent comme sujets politiques.</p>
<p data-start="648" data-end="1176">Ici, nous relayons et analysons les expériences où la question de l’émancipation se pose dans sa nudité la plus rude : faire tenir la vie malgré l’apartheid, résister à l’effacement culturel, affirmer la souveraineté quand l’occupation prétend décider du réel. De la Palestine au Sahara occidental, du Kurdistan à l’Amazonie, des Kanaks aux peuples riverains de projets extractivistes, nous regardons comment s’inventent des alternatives qui ne séparent pas libération sociale, autonomie politique et défense des milieux de vie.</p>
<p data-start="1178" data-end="1535">Ces luttes ne relèvent pas d’une simple « solidarité internationale » symbolique. Elles disent quelque chose de ce que signifie devenir peuple — non comme identité fermée mais comme puissance instituante. Elles montrent que la démocratie ne se mesure pas à la stabilité des États-nations mais à la possibilité, pour les habitants, de se gouverner eux-mêmes.</p>
<p data-start="1537" data-end="1994" data-is-last-node="" data-is-only-node="">Cette rubrique est un lieu pour suivre ces combats et leurs imaginaires, écouter les voix qui se dressent contre l’effacement, et tenter de comprendre comment, dans des conditions extrêmes, s’esquissent des formes politiques qui éclairent nos propres bascules. Parce que les décolonisations ne sont pas un legs du passé mais un horizon inachevé ; et parce que les émancipations ne s’importent pas, elles se tissent entre peuples qui refusent la résignation.</p>

<p>Cette rubrique se consacre aux luttes qui se jouent là où des peuples sont niés,</p>
