{"id":324,"date":"2025-11-19T20:45:19","date_gmt":"2025-11-19T20:45:19","guid":{"rendered":"https:\/\/www.bascules.social\/?page_id=324"},"modified":"2025-11-19T20:45:19","modified_gmt":"2025-11-19T20:45:19","slug":"congreso-nacional-indigena-mexico","status":"publish","type":"page","link":"https:\/\/www.bascules.social\/?page_id=324","title":{"rendered":"Congreso Nacional Ind\u00edgena \u2014 M\u00e9xico"},"content":{"rendered":"<p dir=\"ltr\"><strong>El Congreso Nacional Ind\u00edgena se constituy\u00f3 el 12 de octubre de 1996, plante\u00e1ndose ser la casa de todos los pueblos ind\u00edgenas, es decir un espacio donde los pueblos originarios encontraramos el espacio de reflexi\u00f3n y solidaridad para fortalecer nuestras luchas de resistencia y rebeld\u00eda, con nuestras propias formas de organizaci\u00f3n, de representaci\u00f3n y toma de decisiones<\/strong>, es el espacio de los indios que somos. \u00a0Somos los pueblos, naciones y tribus originarios de este pa\u00eds M\u00e9xico: Amuzgo, Binniz\u00e1, Chichimeca, Chinanteco, Chol, Chontal de Oaxaca, Chontal de Tabasco, Coca, \u00a0Comcac, Cuicateco, Cucap\u00e1, Guarij\u00edo, \u00a0Ikoots, Kumiai, Lacand\u00f3n, Mam, Matlazinca, Maya, Mayo, Mazahua, Mazateco, Mixe, Mixteco, Nahua, \u00d1ah\u00f1u\/\u00d1ajtho\/\u00d1uhu, N\u00e1yeri, Popoluca, Pur\u00e9pecha, Rar\u00e1muri, ,Sayulteco, Tepehua, Tepehuano, Tlapaneco, Tohono O\u00f3dham, Tojolabal, Totonaco, Triqui, Tzeltal, Tzotzil, Wix\u00e1rika, \u00a0Yaqui, Zoque, Afromestizo y Mestizo.<\/p>\n<p>Que cuando pueblos\u00a0 decimos que somos, es porque llevamos en nuestra sangre, en nuestra carne y en nuestra piel toda la historia, toda la esperanza, toda la sabidur\u00eda, la cultura, la lengua y la identidad.<\/p>\n<p>Somos los pueblos que seguimos siendo a pesar de los 5 siglos de exterminio, violencia, dominaci\u00f3n, despojo del capitalismo y sus aliados los due\u00f1os del dinero, los representantes de la muerte. El capitalismo se naci\u00f3 de la sangre de nuestros pueblos y contin\u00faa aliment\u00e1ndose de ella.<\/p>\n<p>No olvidamos. Porque esa sangre, esas vidas, esas luchas, esa historia son la esencia de nuestra resistencia y de nuestra rebeld\u00eda, que se hacen autonom\u00edas, reivindicaciones ancestrales de educaci\u00f3n, seguridad, justicia, espiritualidad, comunicaci\u00f3n, autodefensa y autogobierno.<\/p>\n<p>Colectivamente construimos, abrazamos, defendemos y ejercemos los acuerdos de San Andr\u00e9s Sakamch\u00b4en de los pobres como la constituci\u00f3n de nuestros pueblos, porque representan la \u00fanica forma de seguir existiendo como los pueblos que somos, son nuestro derecho a la libre determinaci\u00f3n y autonom\u00eda, es\u00a0 decir, de decidir sobre nuestros territorios, nuestras formas de organizarnos colectivamente y la forma en que queremos construir nuestro futuro.<\/p>\n<p>Los pueblos que conformamos el CNI nos regimos por siete principios y nuestro espacio m\u00e1ximo de decisi\u00f3n es la asamblea general reunida en el congreso, en donde todas y todos tenemos palabra para decidir colectivamente.<\/p>\n<p><strong>1.- Servir y no servirse.<\/strong><br \/>\n<strong>2.- Construir y no destruir.<\/strong><br \/>\n<strong>3.- Representar y no suplantar.<\/strong><br \/>\n<strong>4.- Convencer y no vencer.<\/strong><br \/>\n<strong>5.- Obedecer y no mandar.<\/strong><br \/>\n<strong>6.- Bajar y no subir.<\/strong><br \/>\n<strong>7.- Proponer y no imponer<\/strong><\/p>\n<p dir=\"ltr\">En 1998 realizamos nuestro II Congreso Nacional Ind\u00edgena en M\u00e9xico Tenochtitl\u00e1n y dijimos: Por la reconstituci\u00f3n integral de nuestros\u00a0 pueblos por lo que decidimos\u00a0 impulsar junto con nuestros hermanos del EZLN la Consulta Nacional para el reconocimiento\u00a0 de los derechos de los pueblos ind\u00edgenas y el fin de la guerra de exterminio.<\/p>\n<p>En el 2001, en nuestro III Congreso Nacional Ind\u00edgena realizado en Nur\u00edo Michoac\u00e1n\u00a0 dijimos: por el reconocimiento constitucional de nuestros derechos colectivos\u00a0 y nos sumamos a\u00a0 la Marcha por la Dignidad Ind\u00edgena que encabezaron nuestros hermanos del EZLN, en donde\u00a0 la voz primera de nuestros pueblos y la voz mayoritaria de la sociedad mexicana se expres\u00f3 exigiendo dicho reconocimiento. Pero la respuesta de este mal gobierno fue la traici\u00f3n al aprobar la contrareforma ind\u00edgena del 2001, propuesta por el poder ejecutivo, materializada por el poder legislativo y avalada por el poder judicial, evidenciando que nuestra palabra y nuestro sentir solo sirvieron de burla y escarnio de los poderosos. Nos dimos cuenta\u00a0 que el tiempo de voltear arriba se hab\u00edan acabado,\u00a0 que el tiempo de mirar abajo nos sacud\u00eda y exig\u00eda emprender los pasos que la historia nos exigi\u00f3.<\/p>\n<p>En el a\u00f1o 2006, en el IV Congreso Nacional Ind\u00edgena en San Pedro Atlapulco tras mucha reflexi\u00f3n decidimos suscribir la Sexta Declaraci\u00f3n de la Selva Lancandona: ejercer hasta sus \u00faltimas consecuencias la autonom\u00eda en los hechos y la resistencia ind\u00edgena.<\/p>\n<p>Pero a la par de que construimos nuestras autonom\u00edas el despojo y la guerra de exterminio se fueron volviendo m\u00e1s violentos y nuestros dolores cada vez m\u00e1s profundos. La guerra nos quiere matar como pueblos y matar en lo individual.<\/p>\n<p>Ante los despojos que se multiplican en nuevas formas y en nuevos rincones y tras tanta muerte seguimos siendo los pueblos vivos y colectivos, los pueblos dignos con nuestras rebeld\u00edas y\u00a0 resistencias que se han hecho luchas y resistencias en las que vemos espejos que se reflejan en el espejo que somos.<\/p>\n<p>Estos espejos son los despojos que sufrimos y que vivimos en nuestros territorios, son los que nos hacen sabernos en una emergencia que atenta contra nuestra vida.<\/p>\n<p>De nuestro dolor naci\u00f3 nuestra rabia, de la rabia nuestra rebeld\u00eda y de la rebeld\u00eda nacer\u00e1 la libertad de los pueblos del mundo.\u00a0 Porque el coraz\u00f3n de nuestra madre tierra vive en el esp\u00edritu de nuestros pueblos.<\/p>\n<ul>\n<li><strong>Esto es lo que somos, nuestra palabra, nuestro caminar y nuestra lucha irrenunciable, somos pues el Congreso Nacional Ind\u00edgena y nuestro es el futuro de nuestros pueblos.<\/strong><\/li>\n<\/ul>\n<hr \/>\n<p>Enlace directo al sitio web: <a href=\"https:\/\/www.congresonacionalindigena.org\/\" target=\"_blank\" rel=\"noopener\">https:\/\/www.congresonacionalindigena.org\/<\/a><\/p>\n<p>&nbsp;<\/p>\n<p>&nbsp;<\/p>\n<p>&nbsp;<\/p>\n","protected":false},"excerpt":{"rendered":"<p>El Congreso Nacional Ind\u00edgena se constituy\u00f3 el 12 de octubre de 1996, plante\u00e1ndose ser la<\/p>\n","protected":false},"author":1,"featured_media":0,"parent":0,"menu_order":0,"comment_status":"closed","ping_status":"closed","template":"","meta":{"footnotes":""},"class_list":["post-324","page","type-page","status-publish","hentry"],"_links":{"self":[{"href":"https:\/\/www.bascules.social\/index.php?rest_route=\/wp\/v2\/pages\/324","targetHints":{"allow":["GET"]}}],"collection":[{"href":"https:\/\/www.bascules.social\/index.php?rest_route=\/wp\/v2\/pages"}],"about":[{"href":"https:\/\/www.bascules.social\/index.php?rest_route=\/wp\/v2\/types\/page"}],"author":[{"embeddable":true,"href":"https:\/\/www.bascules.social\/index.php?rest_route=\/wp\/v2\/users\/1"}],"replies":[{"embeddable":true,"href":"https:\/\/www.bascules.social\/index.php?rest_route=%2Fwp%2Fv2%2Fcomments&post=324"}],"version-history":[{"count":1,"href":"https:\/\/www.bascules.social\/index.php?rest_route=\/wp\/v2\/pages\/324\/revisions"}],"predecessor-version":[{"id":325,"href":"https:\/\/www.bascules.social\/index.php?rest_route=\/wp\/v2\/pages\/324\/revisions\/325"}],"wp:attachment":[{"href":"https:\/\/www.bascules.social\/index.php?rest_route=%2Fwp%2Fv2%2Fmedia&parent=324"}],"curies":[{"name":"wp","href":"https:\/\/api.w.org\/{rel}","templated":true}]}}

Congreso Nacional Indígena — México

<p dir="ltr"><strong>El Congreso Nacional Indígena se constituyó el 12 de octubre de 1996, planteándose ser la casa de todos los pueblos indígenas, es decir un espacio donde los pueblos originarios encontraramos el espacio de reflexión y solidaridad para fortalecer nuestras luchas de resistencia y rebeldía, con nuestras propias formas de organización, de representación y toma de decisiones</strong>, es el espacio de los indios que somos.  Somos los pueblos, naciones y tribus originarios de este país México: Amuzgo, Binnizá, Chichimeca, Chinanteco, Chol, Chontal de Oaxaca, Chontal de Tabasco, Coca,  Comcac, Cuicateco, Cucapá, Guarijío,  Ikoots, Kumiai, Lacandón, Mam, Matlazinca, Maya, Mayo, Mazahua, Mazateco, Mixe, Mixteco, Nahua, Ñahñu/Ñajtho/Ñuhu, Náyeri, Popoluca, Purépecha, Rarámuri, ,Sayulteco, Tepehua, Tepehuano, Tlapaneco, Tohono Oódham, Tojolabal, Totonaco, Triqui, Tzeltal, Tzotzil, Wixárika,  Yaqui, Zoque, Afromestizo y Mestizo.</p>
<p>Que cuando pueblos  decimos que somos, es porque llevamos en nuestra sangre, en nuestra carne y en nuestra piel toda la historia, toda la esperanza, toda la sabiduría, la cultura, la lengua y la identidad.</p>
<p>Somos los pueblos que seguimos siendo a pesar de los 5 siglos de exterminio, violencia, dominación, despojo del capitalismo y sus aliados los dueños del dinero, los representantes de la muerte. El capitalismo se nació de la sangre de nuestros pueblos y continúa alimentándose de ella.</p>
<p>No olvidamos. Porque esa sangre, esas vidas, esas luchas, esa historia son la esencia de nuestra resistencia y de nuestra rebeldía, que se hacen autonomías, reivindicaciones ancestrales de educación, seguridad, justicia, espiritualidad, comunicación, autodefensa y autogobierno.</p>
<p>Colectivamente construimos, abrazamos, defendemos y ejercemos los acuerdos de San Andrés Sakamch´en de los pobres como la constitución de nuestros pueblos, porque representan la única forma de seguir existiendo como los pueblos que somos, son nuestro derecho a la libre determinación y autonomía, es  decir, de decidir sobre nuestros territorios, nuestras formas de organizarnos colectivamente y la forma en que queremos construir nuestro futuro.</p>
<p>Los pueblos que conformamos el CNI nos regimos por siete principios y nuestro espacio máximo de decisión es la asamblea general reunida en el congreso, en donde todas y todos tenemos palabra para decidir colectivamente.</p>
<p><strong>1.- Servir y no servirse.</strong><br />
<strong>2.- Construir y no destruir.</strong><br />
<strong>3.- Representar y no suplantar.</strong><br />
<strong>4.- Convencer y no vencer.</strong><br />
<strong>5.- Obedecer y no mandar.</strong><br />
<strong>6.- Bajar y no subir.</strong><br />
<strong>7.- Proponer y no imponer</strong></p>
<p dir="ltr">En 1998 realizamos nuestro II Congreso Nacional Indígena en México Tenochtitlán y dijimos: Por la reconstitución integral de nuestros  pueblos por lo que decidimos  impulsar junto con nuestros hermanos del EZLN la Consulta Nacional para el reconocimiento  de los derechos de los pueblos indígenas y el fin de la guerra de exterminio.</p>
<p>En el 2001, en nuestro III Congreso Nacional Indígena realizado en Nurío Michoacán  dijimos: por el reconocimiento constitucional de nuestros derechos colectivos  y nos sumamos a  la Marcha por la Dignidad Indígena que encabezaron nuestros hermanos del EZLN, en donde  la voz primera de nuestros pueblos y la voz mayoritaria de la sociedad mexicana se expresó exigiendo dicho reconocimiento. Pero la respuesta de este mal gobierno fue la traición al aprobar la contrareforma indígena del 2001, propuesta por el poder ejecutivo, materializada por el poder legislativo y avalada por el poder judicial, evidenciando que nuestra palabra y nuestro sentir solo sirvieron de burla y escarnio de los poderosos. Nos dimos cuenta  que el tiempo de voltear arriba se habían acabado,  que el tiempo de mirar abajo nos sacudía y exigía emprender los pasos que la historia nos exigió.</p>
<p>En el año 2006, en el IV Congreso Nacional Indígena en San Pedro Atlapulco tras mucha reflexión decidimos suscribir la Sexta Declaración de la Selva Lancandona: ejercer hasta sus últimas consecuencias la autonomía en los hechos y la resistencia indígena.</p>
<p>Pero a la par de que construimos nuestras autonomías el despojo y la guerra de exterminio se fueron volviendo más violentos y nuestros dolores cada vez más profundos. La guerra nos quiere matar como pueblos y matar en lo individual.</p>
<p>Ante los despojos que se multiplican en nuevas formas y en nuevos rincones y tras tanta muerte seguimos siendo los pueblos vivos y colectivos, los pueblos dignos con nuestras rebeldías y  resistencias que se han hecho luchas y resistencias en las que vemos espejos que se reflejan en el espejo que somos.</p>
<p>Estos espejos son los despojos que sufrimos y que vivimos en nuestros territorios, son los que nos hacen sabernos en una emergencia que atenta contra nuestra vida.</p>
<p>De nuestro dolor nació nuestra rabia, de la rabia nuestra rebeldía y de la rebeldía nacerá la libertad de los pueblos del mundo.  Porque el corazón de nuestra madre tierra vive en el espíritu de nuestros pueblos.</p>
<ul>
<li><strong>Esto es lo que somos, nuestra palabra, nuestro caminar y nuestra lucha irrenunciable, somos pues el Congreso Nacional Indígena y nuestro es el futuro de nuestros pueblos.</strong></li>
</ul>
<hr />
<p>Enlace directo al sitio web: <a href="https://www.congresonacionalindigena.org/" target="_blank" rel="noopener">https://www.congresonacionalindigena.org/</a></p>
<p>&nbsp;</p>
<p>&nbsp;</p>
<p>&nbsp;</p>

<p>El Congreso Nacional Indígena se constituyó el 12 de octubre de 1996, planteándose ser la</p>
