{"id":2095,"date":"2026-03-31T18:53:53","date_gmt":"2026-03-31T18:53:53","guid":{"rendered":"https:\/\/www.bascules.social\/?page_id=2095"},"modified":"2026-03-31T18:53:59","modified_gmt":"2026-03-31T18:53:59","slug":"lobservatoire-situationniste-the-situationist-observatory","status":"publish","type":"page","link":"https:\/\/www.bascules.social\/?page_id=2095","title":{"rendered":"L&rsquo;Observatoire situationniste \u2013 The Situationist Observatory."},"content":{"rendered":"<h1 class=\"wp-block-post-title\">About us.<\/h1>\n<p class=\"wp-block-paragraph\" style=\"text-align: justify;\"><mark class=\"has-inline-color has-background-color\"><\/mark>The collective \u00ab\u00a0Observatoire situationniste\u00a0\u00bb was created in the spring of 2021. It aims to update the precise and determined use of the critical tools forged by the Situationist International: spectacle, alienation, separation (essentially). It also aims to experiment and map the overcoming of all the ideological postures and fences that have limited, delayed or even prevented the development of a radically emancipated critique. It starts from the postulate that what will have been thus conquered on the general theoretical level and on the more particular existential level is not something foreign to the epoch, but expresses on the contrary the heart of it. If this assumption is true, the epoch will recognize itself in due course.<\/p>\n<figure class=\"wp-block-image size-large\"><img decoding=\"async\" class=\"wp-image-1900\" src=\"https:\/\/observatoiresituationniste.com\/wp-content\/uploads\/2023\/01\/bridgeman.162793_0.jpg?w=1000\" sizes=\"(max-width: 1000px) 100vw, 1000px\" srcset=\"https:\/\/observatoiresituationniste.com\/wp-content\/uploads\/2023\/01\/bridgeman.162793_0.jpg 1000w, https:\/\/observatoiresituationniste.com\/wp-content\/uploads\/2023\/01\/bridgeman.162793_0.jpg?w=150 150w, https:\/\/observatoiresituationniste.com\/wp-content\/uploads\/2023\/01\/bridgeman.162793_0.jpg?w=300 300w, https:\/\/observatoiresituationniste.com\/wp-content\/uploads\/2023\/01\/bridgeman.162793_0.jpg?w=768 768w\" alt=\"\" width=\"1000\" height=\"645\" data-attachment-id=\"1900\" data-permalink=\"https:\/\/observatoiresituationniste.com\/latest-news-and-articles\/jardin-athenes-du-philosophe-1834-huile-sur-toile-the-philosophers-garden-athens-1834-oil-on-canvas\/\" data-orig-file=\"https:\/\/observatoiresituationniste.com\/wp-content\/uploads\/2023\/01\/bridgeman.162793_0.jpg\" data-orig-size=\"1000,645\" data-comments-opened=\"1\" data-image-meta=\"{&quot;aperture&quot;:&quot;0&quot;,&quot;credit&quot;:&quot;www.bridgemanart.com&quot;,&quot;camera&quot;:&quot;&quot;,&quot;caption&quot;:&quot;CHT162793 Jardin, Ath\\u00e8nes du philosophe, 1834 (huile sur toile) par Strohmayer, Antal (19\\u00e8me si\\u00e8cle); Collection priv\\u00e9e;(Add.info .: Le Jardin des Philosophes un Athenes;); Archives Charmet;Hongroise, hors droit d'auteur CHT162793 The Philosopher's Garden, Athens, 1834 (oil on canvas) by Strohmayer, Antal (19th century); Private Collection; (add.info.: Le Jardin des Philosophes a Athenes;); Archives Charmet; Hungarian, out of copyright&quot;,&quot;created_timestamp&quot;:&quot;0&quot;,&quot;copyright&quot;:&quot;Copyright: www.bridgemanart.com&quot;,&quot;focal_length&quot;:&quot;0&quot;,&quot;iso&quot;:&quot;0&quot;,&quot;shutter_speed&quot;:&quot;0&quot;,&quot;title&quot;:&quot;Jardin, Ath\\u00e8nes du philosophe, 1834 (huile sur toile) The Philosopher's Garden, Athens, 1834 (oil on canvas)&quot;,&quot;orientation&quot;:&quot;1&quot;}\" data-image-title=\"Jardin, Ath\u00e8nes du philosophe, 1834 (huile sur toile) The Philosopher&amp;rsquo;s Garden, Athens, 1834 (oil on canvas)\" data-image-description=\"\" data-image-caption=\"&lt;p&gt;CHT162793 Jardin, Ath\u00e8nes du philosophe, 1834 (huile sur toile) par Strohmayer, Antal (19\u00e8me si\u00e8cle); Collection priv\u00e9e;(Add.info .: Le Jardin des Philosophes un Athenes;); Archives Charmet;Hongroise, hors droit d&amp;rsquo;auteur CHT162793 The Philosopher&amp;rsquo;s Garden, Athens, 1834 (oil on canvas) by Strohmayer, Antal (19th century); Private Collection; (add.info.: Le Jardin des Philosophes a Athenes;); Archives Charmet; Hungarian, out of copyright&lt;\/p&gt; \" data-medium-file=\"https:\/\/observatoiresituationniste.com\/wp-content\/uploads\/2023\/01\/bridgeman.162793_0.jpg?w=300\" data-large-file=\"https:\/\/observatoiresituationniste.com\/wp-content\/uploads\/2023\/01\/bridgeman.162793_0.jpg?w=1000\" \/><\/figure>\n<p class=\"wp-block-paragraph\" style=\"text-align: justify;\">Le collectif \u00ab\u00a0Observatoire situationniste\u00a0\u00bb a \u00e9t\u00e9 cr\u00e9\u00e9 au printemps 2021.<br \/>\nIl vise \u00e0 r\u00e9actualiser l\u2019emploi pr\u00e9cis et d\u00e9termin\u00e9 des outils critiques forg\u00e9s par l\u2019Internationale situationniste : spectacle, ali\u00e9nation, s\u00e9paration (pour l\u2019essentiel).<br \/>\nIl vise en outre \u00e0 exp\u00e9rimenter et cartographier le d\u00e9passement de toutes les postures et cl\u00f4tures id\u00e9ologiques qui ont limit\u00e9, retard\u00e9 voire emp\u00each\u00e9 jusqu\u2019ici l\u2019\u00e9panouissement d\u2019une critique radicalement \u00e9mancip\u00e9e.<br \/>\nIl part du postulat que ce qui aura \u00e9t\u00e9 ainsi conquis sur le plan th\u00e9orique g\u00e9n\u00e9ral et sur le plan existentiel plus particulier n\u2019est pas quelque chose d\u2019\u00e9tranger \u00e0 l\u2019\u00e9poque, mais en exprime au contraire le c\u0153ur.<br \/>\nSi ce postulat se v\u00e9rifie, l\u2019\u00e9poque s\u2019y reconna\u00eetra en temps voulu.<\/p>\n<h1 class=\"wp-block-heading\"><em><mark class=\"has-inline-color has-vivid-red-color\"><strong>Voir aussi\/See also<\/strong><\/mark><\/em><\/h1>\n<div class=\"wp-block-group is-nowrap is-layout-flex wp-container-core-group-is-layout-f56f613f wp-block-group-is-layout-flex\">\n<div class=\"wp-block-group is-layout-constrained wp-block-group-is-layout-constrained\">\n<div class=\"wp-block-group is-nowrap is-layout-flex wp-container-core-group-is-layout-e35fcd18 wp-block-group-is-layout-flex\">\n<p class=\"wp-block-paragraph\"><a href=\"https:\/\/observatoiresituationniste.com\/2026\/01\/31\/ce-que-fait-lobservatoire-situationniste\/\">Ce que fait l\u2019OS.<\/a><\/p>\n<hr \/>\n<p>Acc\u00e8s direct au site : <a href=\"https:\/\/observatoiresituationniste.com\/\" target=\"_blank\" rel=\"noopener\">https:\/\/observatoiresituationniste.com\/<\/a><\/p>\n<h1 style=\"text-align: center;\">Le flux RRS de L&rsquo;obeservatoire situationniste<\/h1>\n<div class=\"wpra-display align\" data-display-id=\"10\" hx-target=\"this\" hx-swap=\"outerHTML\">    <div class=\"wp-rss-aggregator wpra-list-template \">\n        <ul class=\"rss-aggregator wpra-item-list wpra-item-list--bullets wpra-item-list--default\" start=\"1\">\n                <li class=\"wpra-item feed-item \">\n        <a href=\"https:\/\/observatoiresituationniste.com\/2026\/04\/24\/feu-dartifices\/\" class=\"\" target=\"_blank\" rel=\"noopener noreferrer nofollow\" style=\"\">Feu d\u2019artifices<\/a>\n\n        <div class=\"wprss-feed-meta\">\n                <span class=\"feed-source\">\n        Source:  <a href=\"https:\/\/observatoiresituationniste.com\/feed\/\" class=\"\" target=\"_blank\" rel=\"noopener noreferrer nofollow\" style=\"\">L'Observatoire situationniste<\/a>\n    <\/span>\n                <span class=\"feed-date\">\n        Date:  2026-04-24\n    <\/span>\n            <span class=\"feed-author\">By O.S<\/span>\n        <\/div>\n\n        \n    <\/li>    <li class=\"wpra-item feed-item \">\n        <a href=\"https:\/\/observatoiresituationniste.com\/2026\/03\/31\/la-guerre-qui-a-commence-na-pas-de-fin\/\" class=\"\" target=\"_blank\" rel=\"noopener noreferrer nofollow\" style=\"\">La guerre qui a commenc\u00e9 n\u2019a pas de fin.<\/a>\n\n        <div class=\"wprss-feed-meta\">\n                <span class=\"feed-source\">\n        Source:  <a href=\"https:\/\/observatoiresituationniste.com\/feed\/\" class=\"\" target=\"_blank\" rel=\"noopener noreferrer nofollow\" style=\"\">L'Observatoire situationniste<\/a>\n    <\/span>\n                <span class=\"feed-date\">\n        Date:  2026-03-31\n    <\/span>\n            <span class=\"feed-author\">By O.S<\/span>\n        <\/div>\n\n        \n    <\/li>    <li class=\"wpra-item feed-item \">\n        <a href=\"https:\/\/observatoiresituationniste.com\/2026\/03\/07\/breves-26-du-cote-des-bourgeons\/\" class=\"\" target=\"_blank\" rel=\"noopener noreferrer nofollow\" style=\"\">Br\u00e8ves (26). Du c\u00f4t\u00e9 des bourgeons.<\/a>\n\n        <div class=\"wprss-feed-meta\">\n                <span class=\"feed-source\">\n        Source:  <a href=\"https:\/\/observatoiresituationniste.com\/feed\/\" class=\"\" target=\"_blank\" rel=\"noopener noreferrer nofollow\" style=\"\">L'Observatoire situationniste<\/a>\n    <\/span>\n                <span class=\"feed-date\">\n        Date:  2026-03-07\n    <\/span>\n            <span class=\"feed-author\">By O.S<\/span>\n        <\/div>\n\n        \n    <\/li>    <li class=\"wpra-item feed-item \">\n        <a href=\"https:\/\/observatoiresituationniste.com\/2026\/02\/27\/le-faux-est-un-moment-du-faux\/\" class=\"\" target=\"_blank\" rel=\"noopener noreferrer nofollow\" style=\"\">Le faux est un moment du faux.<\/a>\n\n        <div class=\"wprss-feed-meta\">\n                <span class=\"feed-source\">\n        Source:  <a href=\"https:\/\/observatoiresituationniste.com\/feed\/\" class=\"\" target=\"_blank\" rel=\"noopener noreferrer nofollow\" style=\"\">L'Observatoire situationniste<\/a>\n    <\/span>\n                <span class=\"feed-date\">\n        Date:  2026-02-27\n    <\/span>\n            <span class=\"feed-author\">By O.S<\/span>\n        <\/div>\n\n        \n    <\/li>    <li class=\"wpra-item feed-item \">\n        <a href=\"https:\/\/observatoiresituationniste.com\/2026\/02\/20\/breves-25-labime-se-repeuple\/\" class=\"\" target=\"_blank\" rel=\"noopener noreferrer nofollow\" style=\"\">Br\u00e8ves (25). L\u2019ab\u00eeme se repeuple.<\/a>\n\n        <div class=\"wprss-feed-meta\">\n                <span class=\"feed-source\">\n        Source:  <a href=\"https:\/\/observatoiresituationniste.com\/feed\/\" class=\"\" target=\"_blank\" rel=\"noopener noreferrer nofollow\" style=\"\">L'Observatoire situationniste<\/a>\n    <\/span>\n                <span class=\"feed-date\">\n        Date:  2026-02-20\n    <\/span>\n            <span class=\"feed-author\">By O.S<\/span>\n        <\/div>\n\n        \n    <\/li>    <li class=\"wpra-item feed-item \">\n        <a href=\"https:\/\/observatoiresituationniste.com\/2026\/02\/19\/le-carnaval-des-despotismes\/\" class=\"\" target=\"_blank\" rel=\"noopener noreferrer nofollow\" style=\"\">Le carnaval des despotismes<\/a>\n\n        <div class=\"wprss-feed-meta\">\n                <span class=\"feed-source\">\n        Source:  <a href=\"https:\/\/observatoiresituationniste.com\/feed\/\" class=\"\" target=\"_blank\" rel=\"noopener noreferrer nofollow\" style=\"\">L'Observatoire situationniste<\/a>\n    <\/span>\n                <span class=\"feed-date\">\n        Date:  2026-02-19\n    <\/span>\n            <span class=\"feed-author\">By O.S<\/span>\n        <\/div>\n\n        \n    <\/li>    <li class=\"wpra-item feed-item \">\n        <a href=\"https:\/\/observatoiresituationniste.com\/2026\/02\/14\/breves-24-gaza-a-lextremite-de-lhistoire\/\" class=\"\" target=\"_blank\" rel=\"noopener noreferrer nofollow\" style=\"\">Br\u00e8ves (24). Gaza, \u00e0 l\u2019extr\u00e9mit\u00e9 de l\u2019histoire.<\/a>\n\n        <div class=\"wprss-feed-meta\">\n                <span class=\"feed-source\">\n        Source:  <a href=\"https:\/\/observatoiresituationniste.com\/feed\/\" class=\"\" target=\"_blank\" rel=\"noopener noreferrer nofollow\" style=\"\">L'Observatoire situationniste<\/a>\n    <\/span>\n                <span class=\"feed-date\">\n        Date:  2026-02-14\n    <\/span>\n            <span class=\"feed-author\">By O.S<\/span>\n        <\/div>\n\n        \n    <\/li>    <li class=\"wpra-item feed-item \">\n        <a href=\"https:\/\/observatoiresituationniste.com\/2026\/02\/13\/gaza-hors-spectacle\/\" class=\"\" target=\"_blank\" rel=\"noopener noreferrer nofollow\" style=\"\">Gaza, hors spectacle.<\/a>\n\n        <div class=\"wprss-feed-meta\">\n                <span class=\"feed-source\">\n        Source:  <a href=\"https:\/\/observatoiresituationniste.com\/feed\/\" class=\"\" target=\"_blank\" rel=\"noopener noreferrer nofollow\" style=\"\">L'Observatoire situationniste<\/a>\n    <\/span>\n                <span class=\"feed-date\">\n        Date:  2026-02-13\n    <\/span>\n            <span class=\"feed-author\">By O.S<\/span>\n        <\/div>\n\n        \n    <\/li>\n        <\/ul>\n    <\/div> <\/div>\n<\/div>\n<\/div>\n<\/div>\n","protected":false},"excerpt":{"rendered":"<p>About us. The collective \u00ab\u00a0Observatoire situationniste\u00a0\u00bb was created in the spring of 2021. It aims<\/p>\n","protected":false},"author":1,"featured_media":2097,"parent":172,"menu_order":7,"comment_status":"closed","ping_status":"closed","template":"","meta":{"footnotes":""},"class_list":["post-2095","page","type-page","status-publish","has-post-thumbnail","hentry"],"_links":{"self":[{"href":"https:\/\/www.bascules.social\/index.php?rest_route=\/wp\/v2\/pages\/2095","targetHints":{"allow":["GET"]}}],"collection":[{"href":"https:\/\/www.bascules.social\/index.php?rest_route=\/wp\/v2\/pages"}],"about":[{"href":"https:\/\/www.bascules.social\/index.php?rest_route=\/wp\/v2\/types\/page"}],"author":[{"embeddable":true,"href":"https:\/\/www.bascules.social\/index.php?rest_route=\/wp\/v2\/users\/1"}],"replies":[{"embeddable":true,"href":"https:\/\/www.bascules.social\/index.php?rest_route=%2Fwp%2Fv2%2Fcomments&post=2095"}],"version-history":[{"count":4,"href":"https:\/\/www.bascules.social\/index.php?rest_route=\/wp\/v2\/pages\/2095\/revisions"}],"predecessor-version":[{"id":2107,"href":"https:\/\/www.bascules.social\/index.php?rest_route=\/wp\/v2\/pages\/2095\/revisions\/2107"}],"up":[{"embeddable":true,"href":"https:\/\/www.bascules.social\/index.php?rest_route=\/wp\/v2\/pages\/172"}],"wp:featuredmedia":[{"embeddable":true,"href":"https:\/\/www.bascules.social\/index.php?rest_route=\/wp\/v2\/media\/2097"}],"wp:attachment":[{"href":"https:\/\/www.bascules.social\/index.php?rest_route=%2Fwp%2Fv2%2Fmedia&parent=2095"}],"curies":[{"name":"wp","href":"https:\/\/api.w.org\/{rel}","templated":true}]}}

<h1 class="wp-block-post-title">About us.</h1>
<p class="wp-block-paragraph" style="text-align: justify;"><mark class="has-inline-color has-background-color"></mark>The collective « Observatoire situationniste » was created in the spring of 2021. It aims to update the precise and determined use of the critical tools forged by the Situationist International: spectacle, alienation, separation (essentially). It also aims to experiment and map the overcoming of all the ideological postures and fences that have limited, delayed or even prevented the development of a radically emancipated critique. It starts from the postulate that what will have been thus conquered on the general theoretical level and on the more particular existential level is not something foreign to the epoch, but expresses on the contrary the heart of it. If this assumption is true, the epoch will recognize itself in due course.</p>
<figure class="wp-block-image size-large"><img decoding="async" class="wp-image-1900" src="https://observatoiresituationniste.com/wp-content/uploads/2023/01/bridgeman.162793_0.jpg?w=1000" sizes="(max-width: 1000px) 100vw, 1000px" srcset="https://observatoiresituationniste.com/wp-content/uploads/2023/01/bridgeman.162793_0.jpg 1000w, https://observatoiresituationniste.com/wp-content/uploads/2023/01/bridgeman.162793_0.jpg?w=150 150w, https://observatoiresituationniste.com/wp-content/uploads/2023/01/bridgeman.162793_0.jpg?w=300 300w, https://observatoiresituationniste.com/wp-content/uploads/2023/01/bridgeman.162793_0.jpg?w=768 768w" alt="" width="1000" height="645" data-attachment-id="1900" data-permalink="https://observatoiresituationniste.com/latest-news-and-articles/jardin-athenes-du-philosophe-1834-huile-sur-toile-the-philosophers-garden-athens-1834-oil-on-canvas/" data-orig-file="https://observatoiresituationniste.com/wp-content/uploads/2023/01/bridgeman.162793_0.jpg" data-orig-size="1000,645" data-comments-opened="1" data-image-meta="{&quot;aperture&quot;:&quot;0&quot;,&quot;credit&quot;:&quot;www.bridgemanart.com&quot;,&quot;camera&quot;:&quot;&quot;,&quot;caption&quot;:&quot;CHT162793 Jardin, Ath\u00e8nes du philosophe, 1834 (huile sur toile) par Strohmayer, Antal (19\u00e8me si\u00e8cle); Collection priv\u00e9e;(Add.info .: Le Jardin des Philosophes un Athenes;); Archives Charmet;Hongroise, hors droit d'auteur CHT162793 The Philosopher's Garden, Athens, 1834 (oil on canvas) by Strohmayer, Antal (19th century); Private Collection; (add.info.: Le Jardin des Philosophes a Athenes;); Archives Charmet; Hungarian, out of copyright&quot;,&quot;created_timestamp&quot;:&quot;0&quot;,&quot;copyright&quot;:&quot;Copyright: www.bridgemanart.com&quot;,&quot;focal_length&quot;:&quot;0&quot;,&quot;iso&quot;:&quot;0&quot;,&quot;shutter_speed&quot;:&quot;0&quot;,&quot;title&quot;:&quot;Jardin, Ath\u00e8nes du philosophe, 1834 (huile sur toile) The Philosopher's Garden, Athens, 1834 (oil on canvas)&quot;,&quot;orientation&quot;:&quot;1&quot;}" data-image-title="Jardin, Athènes du philosophe, 1834 (huile sur toile) The Philosopher&amp;rsquo;s Garden, Athens, 1834 (oil on canvas)" data-image-description="" data-image-caption="&lt;p&gt;CHT162793 Jardin, Athènes du philosophe, 1834 (huile sur toile) par Strohmayer, Antal (19ème siècle); Collection privée;(Add.info .: Le Jardin des Philosophes un Athenes;); Archives Charmet;Hongroise, hors droit d&amp;rsquo;auteur CHT162793 The Philosopher&amp;rsquo;s Garden, Athens, 1834 (oil on canvas) by Strohmayer, Antal (19th century); Private Collection; (add.info.: Le Jardin des Philosophes a Athenes;); Archives Charmet; Hungarian, out of copyright&lt;/p&gt; " data-medium-file="https://observatoiresituationniste.com/wp-content/uploads/2023/01/bridgeman.162793_0.jpg?w=300" data-large-file="https://observatoiresituationniste.com/wp-content/uploads/2023/01/bridgeman.162793_0.jpg?w=1000" /></figure>
<p class="wp-block-paragraph" style="text-align: justify;">Le collectif « Observatoire situationniste » a été créé au printemps 2021.<br />
Il vise à réactualiser l’emploi précis et déterminé des outils critiques forgés par l’Internationale situationniste : spectacle, aliénation, séparation (pour l’essentiel).<br />
Il vise en outre à expérimenter et cartographier le dépassement de toutes les postures et clôtures idéologiques qui ont limité, retardé voire empêché jusqu’ici l’épanouissement d’une critique radicalement émancipée.<br />
Il part du postulat que ce qui aura été ainsi conquis sur le plan théorique général et sur le plan existentiel plus particulier n’est pas quelque chose d’étranger à l’époque, mais en exprime au contraire le cœur.<br />
Si ce postulat se vérifie, l’époque s’y reconnaîtra en temps voulu.</p>
<h1 class="wp-block-heading"><em><mark class="has-inline-color has-vivid-red-color"><strong>Voir aussi/See also</strong></mark></em></h1>
<div class="wp-block-group is-nowrap is-layout-flex wp-container-core-group-is-layout-f56f613f wp-block-group-is-layout-flex">
<div class="wp-block-group is-layout-constrained wp-block-group-is-layout-constrained">
<div class="wp-block-group is-nowrap is-layout-flex wp-container-core-group-is-layout-e35fcd18 wp-block-group-is-layout-flex">
<p class="wp-block-paragraph"><a href="https://observatoiresituationniste.com/2026/01/31/ce-que-fait-lobservatoire-situationniste/">Ce que fait l’OS.</a></p>
<hr />
<p>Accès direct au site : <a href="https://observatoiresituationniste.com/" target="_blank" rel="noopener">https://observatoiresituationniste.com/</a></p>
<h1 style="text-align: center;">Le flux RRS de L&rsquo;obeservatoire situationniste</h1>
<div class="wpra-display align" data-display-id="10" hx-target="this" hx-swap="outerHTML">    <div class="wp-rss-aggregator wpra-list-template ">
        <ul class="rss-aggregator wpra-item-list wpra-item-list--bullets wpra-item-list--default" start="1">
                <li class="wpra-item feed-item ">
        <a href="https://observatoiresituationniste.com/2026/04/24/feu-dartifices/" class="" target="_blank" rel="noopener noreferrer nofollow" style="">Feu d’artifices</a>

        <div class="wprss-feed-meta">
                <span class="feed-source">
        Source:  <a href="https://observatoiresituationniste.com/feed/" class="" target="_blank" rel="noopener noreferrer nofollow" style="">L'Observatoire situationniste</a>
    </span>
                <span class="feed-date">
        Date:  2026-04-24
    </span>
            <span class="feed-author">By O.S</span>
        </div>

        
    </li>    <li class="wpra-item feed-item ">
        <a href="https://observatoiresituationniste.com/2026/03/31/la-guerre-qui-a-commence-na-pas-de-fin/" class="" target="_blank" rel="noopener noreferrer nofollow" style="">La guerre qui a commencé n’a pas de fin.</a>

        <div class="wprss-feed-meta">
                <span class="feed-source">
        Source:  <a href="https://observatoiresituationniste.com/feed/" class="" target="_blank" rel="noopener noreferrer nofollow" style="">L'Observatoire situationniste</a>
    </span>
                <span class="feed-date">
        Date:  2026-03-31
    </span>
            <span class="feed-author">By O.S</span>
        </div>

        
    </li>    <li class="wpra-item feed-item ">
        <a href="https://observatoiresituationniste.com/2026/03/07/breves-26-du-cote-des-bourgeons/" class="" target="_blank" rel="noopener noreferrer nofollow" style="">Brèves (26). Du côté des bourgeons.</a>

        <div class="wprss-feed-meta">
                <span class="feed-source">
        Source:  <a href="https://observatoiresituationniste.com/feed/" class="" target="_blank" rel="noopener noreferrer nofollow" style="">L'Observatoire situationniste</a>
    </span>
                <span class="feed-date">
        Date:  2026-03-07
    </span>
            <span class="feed-author">By O.S</span>
        </div>

        
    </li>    <li class="wpra-item feed-item ">
        <a href="https://observatoiresituationniste.com/2026/02/27/le-faux-est-un-moment-du-faux/" class="" target="_blank" rel="noopener noreferrer nofollow" style="">Le faux est un moment du faux.</a>

        <div class="wprss-feed-meta">
                <span class="feed-source">
        Source:  <a href="https://observatoiresituationniste.com/feed/" class="" target="_blank" rel="noopener noreferrer nofollow" style="">L'Observatoire situationniste</a>
    </span>
                <span class="feed-date">
        Date:  2026-02-27
    </span>
            <span class="feed-author">By O.S</span>
        </div>

        
    </li>    <li class="wpra-item feed-item ">
        <a href="https://observatoiresituationniste.com/2026/02/20/breves-25-labime-se-repeuple/" class="" target="_blank" rel="noopener noreferrer nofollow" style="">Brèves (25). L’abîme se repeuple.</a>

        <div class="wprss-feed-meta">
                <span class="feed-source">
        Source:  <a href="https://observatoiresituationniste.com/feed/" class="" target="_blank" rel="noopener noreferrer nofollow" style="">L'Observatoire situationniste</a>
    </span>
                <span class="feed-date">
        Date:  2026-02-20
    </span>
            <span class="feed-author">By O.S</span>
        </div>

        
    </li>    <li class="wpra-item feed-item ">
        <a href="https://observatoiresituationniste.com/2026/02/19/le-carnaval-des-despotismes/" class="" target="_blank" rel="noopener noreferrer nofollow" style="">Le carnaval des despotismes</a>

        <div class="wprss-feed-meta">
                <span class="feed-source">
        Source:  <a href="https://observatoiresituationniste.com/feed/" class="" target="_blank" rel="noopener noreferrer nofollow" style="">L'Observatoire situationniste</a>
    </span>
                <span class="feed-date">
        Date:  2026-02-19
    </span>
            <span class="feed-author">By O.S</span>
        </div>

        
    </li>    <li class="wpra-item feed-item ">
        <a href="https://observatoiresituationniste.com/2026/02/14/breves-24-gaza-a-lextremite-de-lhistoire/" class="" target="_blank" rel="noopener noreferrer nofollow" style="">Brèves (24). Gaza, à l’extrémité de l’histoire.</a>

        <div class="wprss-feed-meta">
                <span class="feed-source">
        Source:  <a href="https://observatoiresituationniste.com/feed/" class="" target="_blank" rel="noopener noreferrer nofollow" style="">L'Observatoire situationniste</a>
    </span>
                <span class="feed-date">
        Date:  2026-02-14
    </span>
            <span class="feed-author">By O.S</span>
        </div>

        
    </li>    <li class="wpra-item feed-item ">
        <a href="https://observatoiresituationniste.com/2026/02/13/gaza-hors-spectacle/" class="" target="_blank" rel="noopener noreferrer nofollow" style="">Gaza, hors spectacle.</a>

        <div class="wprss-feed-meta">
                <span class="feed-source">
        Source:  <a href="https://observatoiresituationniste.com/feed/" class="" target="_blank" rel="noopener noreferrer nofollow" style="">L'Observatoire situationniste</a>
    </span>
                <span class="feed-date">
        Date:  2026-02-13
    </span>
            <span class="feed-author">By O.S</span>
        </div>

        
    </li>
        </ul>
    </div> </div>
</div>
</div>
</div>
