{"id":108,"date":"2025-11-17T21:43:53","date_gmt":"2025-11-17T21:43:53","guid":{"rendered":"https:\/\/www.bascules.social\/?page_id=108"},"modified":"2025-11-18T22:19:14","modified_gmt":"2025-11-18T22:19:14","slug":"a-propos","status":"publish","type":"page","link":"https:\/\/www.bascules.social\/?page_id=108","title":{"rendered":"\u00c0 propos"},"content":{"rendered":"<p style=\"text-align: justify;\"><strong>BasculeS<\/strong> na\u00eet d\u2019un constat simple :<br \/>\npartout dans le monde, des formes de vie nouvelles \u00e9mergent au c\u0153ur des fractures sociales, \u00e9cologiques et politiques.<\/p>\n<p style=\"text-align: justify;\">Elles inventent, d\u00e9fendent et exp\u00e9rimentent ce que pourrait \u00eatre une soci\u00e9t\u00e9 lib\u00e9r\u00e9e de l\u2019emprise du capital, de la marchandise et de l\u2019\u00c9tat-nation.<\/p>\n<p style=\"text-align: justify;\">Ces foyers de r\u00e9sistance ne sont ni isol\u00e9s ni anecdotiques.<br \/>\nIls forment une constellation : des communes en lutte, des peuples autochtones qui d\u00e9fendent leurs territoires, des communaut\u00e9s qui r\u00e9inventent la techn\u00e8, des femmes et des collectifs qui s\u2019auto-organisent contre la domination \u2014 des mondes qui s\u2019ouvrent malgr\u00e9 tout.<\/p>\n<p style=\"text-align: justify;\"><strong>BasculeS<\/strong> est un espace pour les relier.<br \/>\nUn lieu de circulation et de r\u00e9sonance, o\u00f9 convergent des articles, des communiqu\u00e9s, des r\u00e9cits, des analyses et des voix venues d\u2019ici et d\u2019ailleurs.<br \/>\nNon pour parler \u00e0 leur place, mais pour rendre visibles ces lignes de front o\u00f9 se jouent d\u00e9j\u00e0 des fragments d\u2019avenir.<\/p>\n<p style=\"text-align: justify;\">Ce site ne se veut ni neutre ni distant.<br \/>\nIl assume un horizon : celui d\u2019une <strong>\u00e9cologie sociale communaliste<\/strong>, entendue comme une praxis vivante \u2014 \u00e0 la rencontre de la critique radicale, de la d\u00e9mocratie directe, de l\u2019autonomie mat\u00e9rielle, de la solidarit\u00e9 active et de la reconstruction du commun.<\/p>\n<p style=\"text-align: justify;\"><strong>BasculeS<\/strong> suit les secousses, les br\u00e8ches, les exp\u00e9rimentations qui ouvrent des chemins praticables vers une multiplicit\u00e9 de mondes <strong>non capitalistes<\/strong>.<\/p>\n<p style=\"text-align: justify;\"><strong>BasculeS<\/strong> avance aux c\u00f4t\u00e9s de l\u2019<strong>Atelier d\u2019\u00c9cologie Sociale et Communalisme<\/strong>, port\u00e9 par l\u2019association <em>\u00c9cologie Sociale Communaliste \u2013 L\u2019Adventice<\/em>.<br \/>\nL\u2019Atelier travaille \u00e0 la construction d\u2019un mouvement \u00e9mancipateur communaliste concret, ici et maintenant, en articulant pens\u00e9e, organisation, pratiques collectives et solidarit\u00e9s.<\/p>\n<p>BasculeS prolonge ce geste :<br \/>\nil met en r\u00e9sonance ces efforts avec les r\u00e9sistances, les luttes et les exp\u00e9rimentations du monde,<br \/>\npour nourrir la praxis et \u00e9largir nos propres possibilit\u00e9s d\u2019action.<\/p>\n<p>Penser, relier, agir :<br \/>\nnon comme trois moments s\u00e9par\u00e9s, mais comme une dynamique commune.<br \/>\nParce que ce sont les pratiques qui r\u00e9v\u00e8lent les possibles,<br \/>\net les id\u00e9es qui donnent sens \u00e0 l\u2019action.<\/p>\n<p><strong>BasculeS<\/strong> existe pour tisser ces liens,<br \/>\npour nourrir nos propres bascules,<br \/>\npour contribuer \u2014 modestement mais r\u00e9solument \u2014<br \/>\n\u00e0 l\u2019ouverture de chemins vers des soci\u00e9t\u00e9s libres, solidaires et profond\u00e9ment humaines.<\/p>\n<p><strong>Pour voir autrement.<br \/>\nPour comprendre ce qui se l\u00e8ve.<br \/>\nPour participer \u00e0 ce qui bascule.<\/strong><\/p>\n","protected":false},"excerpt":{"rendered":"<p>BasculeS na\u00eet d\u2019un constat simple : partout dans le monde, des formes de vie nouvelles<\/p>\n","protected":false},"author":1,"featured_media":0,"parent":0,"menu_order":2,"comment_status":"closed","ping_status":"closed","template":"","meta":{"footnotes":""},"class_list":["post-108","page","type-page","status-publish","hentry"],"_links":{"self":[{"href":"https:\/\/www.bascules.social\/index.php?rest_route=\/wp\/v2\/pages\/108","targetHints":{"allow":["GET"]}}],"collection":[{"href":"https:\/\/www.bascules.social\/index.php?rest_route=\/wp\/v2\/pages"}],"about":[{"href":"https:\/\/www.bascules.social\/index.php?rest_route=\/wp\/v2\/types\/page"}],"author":[{"embeddable":true,"href":"https:\/\/www.bascules.social\/index.php?rest_route=\/wp\/v2\/users\/1"}],"replies":[{"embeddable":true,"href":"https:\/\/www.bascules.social\/index.php?rest_route=%2Fwp%2Fv2%2Fcomments&post=108"}],"version-history":[{"count":8,"href":"https:\/\/www.bascules.social\/index.php?rest_route=\/wp\/v2\/pages\/108\/revisions"}],"predecessor-version":[{"id":150,"href":"https:\/\/www.bascules.social\/index.php?rest_route=\/wp\/v2\/pages\/108\/revisions\/150"}],"wp:attachment":[{"href":"https:\/\/www.bascules.social\/index.php?rest_route=%2Fwp%2Fv2%2Fmedia&parent=108"}],"curies":[{"name":"wp","href":"https:\/\/api.w.org\/{rel}","templated":true}]}}

À propos

<p style="text-align: justify;"><strong>BasculeS</strong> naît d’un constat simple :<br />
partout dans le monde, des formes de vie nouvelles émergent au cœur des fractures sociales, écologiques et politiques.</p>
<p style="text-align: justify;">Elles inventent, défendent et expérimentent ce que pourrait être une société libérée de l’emprise du capital, de la marchandise et de l’État-nation.</p>
<p style="text-align: justify;">Ces foyers de résistance ne sont ni isolés ni anecdotiques.<br />
Ils forment une constellation : des communes en lutte, des peuples autochtones qui défendent leurs territoires, des communautés qui réinventent la technè, des femmes et des collectifs qui s’auto-organisent contre la domination — des mondes qui s’ouvrent malgré tout.</p>
<p style="text-align: justify;"><strong>BasculeS</strong> est un espace pour les relier.<br />
Un lieu de circulation et de résonance, où convergent des articles, des communiqués, des récits, des analyses et des voix venues d’ici et d’ailleurs.<br />
Non pour parler à leur place, mais pour rendre visibles ces lignes de front où se jouent déjà des fragments d’avenir.</p>
<p style="text-align: justify;">Ce site ne se veut ni neutre ni distant.<br />
Il assume un horizon : celui d’une <strong>écologie sociale communaliste</strong>, entendue comme une praxis vivante — à la rencontre de la critique radicale, de la démocratie directe, de l’autonomie matérielle, de la solidarité active et de la reconstruction du commun.</p>
<p style="text-align: justify;"><strong>BasculeS</strong> suit les secousses, les brèches, les expérimentations qui ouvrent des chemins praticables vers une multiplicité de mondes <strong>non capitalistes</strong>.</p>
<p style="text-align: justify;"><strong>BasculeS</strong> avance aux côtés de l’<strong>Atelier d’Écologie Sociale et Communalisme</strong>, porté par l’association <em>Écologie Sociale Communaliste – L’Adventice</em>.<br />
L’Atelier travaille à la construction d’un mouvement émancipateur communaliste concret, ici et maintenant, en articulant pensée, organisation, pratiques collectives et solidarités.</p>
<p>BasculeS prolonge ce geste :<br />
il met en résonance ces efforts avec les résistances, les luttes et les expérimentations du monde,<br />
pour nourrir la praxis et élargir nos propres possibilités d’action.</p>
<p>Penser, relier, agir :<br />
non comme trois moments séparés, mais comme une dynamique commune.<br />
Parce que ce sont les pratiques qui révèlent les possibles,<br />
et les idées qui donnent sens à l’action.</p>
<p><strong>BasculeS</strong> existe pour tisser ces liens,<br />
pour nourrir nos propres bascules,<br />
pour contribuer — modestement mais résolument —<br />
à l’ouverture de chemins vers des sociétés libres, solidaires et profondément humaines.</p>
<p><strong>Pour voir autrement.<br />
Pour comprendre ce qui se lève.<br />
Pour participer à ce qui bascule.</strong></p>

<p>BasculeS naît d’un constat simple : partout dans le monde, des formes de vie nouvelles</p>
